e the remainder when 45 is divided by x(-18).
5
Suppose -6 = 13*q - 16*q. Suppose -2*h + 74 = 2*i, -i + 3*h + 43 = q*h. What is the remainder when 157 is divided by i?
37
Suppose 82*u - 77*u = 735. What is the remainder when u is divided by 37?
36
Let z = 231 - 219. What is the remainder when 20 is divided by z?
8
Let j = 703 - 690. Calculate the remainder when j is divided by 9.
4
Let i(k) = k**3 - 13*k**2 + 3*k + 4. What is the remainder when 163 is divided by i(13)?
34
Let m(k) = 6*k - 100. Calculate the remainder when m(63) is divided by 93.
92
Suppose 0 = -2*m + f + 8, -2*m - 19 + 11 = -5*f. What is the remainder when 36 is divided by m?
0
Suppose -5*r + 560 = t - 295, 5*r = 5*t + 885. Suppose -5*q = -4*c - 200, -19 = -q - 0*q + 5*c. What is the remainder when r is divided by q?
40
Let x(y) = 3*y + 3. Let t be x(-2). Let i(h) = -3*h**3 + 3*h**2 + 4*h. Let o be i(t). Suppose -7*a = -3*a - o. Calculate the remainder when 69 is divided by a.
21
Let j(r) = -3*r**3 + 2*r**2 + r - 2. Let h be j(2). Let d = h - -23. Calculate the remainder when d is divided by (-5)/(1*-2*3/6).
2
Suppose -3*v - 5*s = -402, -3*v - v + s + 513 = 0. Let a = 8 - -25. What is the remainder when v is divided by a?
30
Suppose 0 - 221 = -13*o. What is the remainder when 151 is divided by o?
15
Suppose 0 = -3*s + 5*c + 77, -10*s - 5*c = -11*s + 9. Let l(i) = -47*i. Calculate the remainder when l(-2) is divided by s.
26
What is the remainder when 92 is divided by (935/(-11))/(10/(-4))?
24
Suppose -407 = -3*g - 128. Let t = -65 + g. What is the remainder when 166 is divided by t?
26
Suppose -5*v + 74 = -281. Let d(u) = -21*u. Let q be d(1). Let c = v + q. What is the remainder when c is divided by 17?
16
Let m(t) = t**3 - 3*t**2 - t + 18. Calculate the remainder when 26 is divided by m(0).
8
Suppose 0*h - 4 = -2*h. Suppose -h*f + 4 = 2*f. Suppose 45 = 4*z + f. Calculate the remainder when 32 is divided by z.
10
Let q(j) = -30*j - 57. What is the remainder when 30 is divided by q(-2)?
0
Let r = -199 + 641. Calculate the remainder when r is divided by 89.
86
Suppose 3*b + 379 = 4*l, 0*l - l = 4*b - 71. Let f = -55 + l. Calculate the remainder when f is divided by 13.
10
Suppose -z = g - 105, -2*g + 3*z = z - 202. What is the remainder when g is divided by (-26*9/72)/(1/(-8))?
25
Suppose 2*h = 5*p - 7*p + 2, -9 = -3*h + 3*p. Calculate the remainder when 20 is divided by h.
0
Calculate the remainder when (-72)/120 - (-2 - (-52)/(-20)) is divided by 2.
0
Let c = 26 - 20. Let y = 14 - c. Suppose -145 = -y*w + 3*w. What is the remainder when w is divided by 16?
13
Let w(j) = -j**3 + 32*j**2 + 6*j - 74. What is the remainder when w(32) is divided by 24?
22
Let w = 118 - 40. Let f = w - 33. Suppose -4*c = -6*b + b + f, -c = -4*b + 36. What is the remainder when 24 is divided by b?
6
Let j be (0 + -1)/(3/(-9)). Suppose 0 = j*m - 23 - 19. Calculate the remainder when (-4)/m + (-573)/(-21) is divided by 15.
12
Suppose 0 = -5*j + 26*j - 1953. What is the remainder when j is divided by 35?
23
Let l = 457 - 308. Let c = l + -101. Calculate the remainder when c is divided by 17.
14
Let k(s) = 2*s**2 - 4*s + 2. Let y be k(2). Suppose 44 = y*g - 0*g. Suppose l + 2*l - 5 = z, g = 2*z + 2*l. Calculate the remainder when 11 is divided by z.
4
Suppose 0*f - 90 = -9*f. What is the remainder when 28 is divided by f?
8
Let j(u) = -13*u + 513. Calculate the remainder when j(34) is divided by (0 + (-6)/(-4))*14.
8
Suppose 2*f - 10 = 0, 3*h + 4*f - 5*f - 13 = 0. What is the remainder when 87 is divided by h?
3
Suppose -58 = -3*s + 5*c, 84*s + c - 62 = 80*s. What is the remainder when 59 is divided by s?
11
Suppose 0 = 2*c - 7*c - 510. What is the remainder when 1 is divided by (-15)/(-17) + (-12)/c?
0
Let o(v) = -8*v - 5. Let h = 16 + -17. Calculate the remainder when 13 is divided by o(h).
1
Suppose -3*k + 12 = -5*k. Suppose -2*b = 3*b + 15. Let f = b - k. What is the remainder when f is divided by 3?
0
Let k = -333 - -342. Suppose -2*g + 12 = 2*g. Calculate the remainder when k is divided by g.
0
What is the remainder when 71 is divided by (-168)/18*36/(-14)?
23
What is the remainder when 123 is divided by ((-111)/(-2))/(33/44)?
49
Let u = -477 - -486. Calculate the remainder when 43 is divided by u.
7
Suppose 4*g + 33 = 5*r, 8*g - 3*g + 2*r = 0. Let v be 2 + g + (-5 - 2). Let n = v - -14. What is the remainder when 27 is divided by n?
6
Suppose 0 = 2*z + 4*d - 72, -4*z - 2*d - 184 = -8*z. What is the remainder when 131 is divided by z?
43
Let y be (-16 - -8)/(2/(-3)). Suppose 4*j = -2*c + y, 5*c = 2*j - 4*j - 2. What is the remainder when 6 is divided by j?
2
Suppose -71*h + 52*h = -11115. What is the remainder when h is divided by 42?
39
Let w be (4/6)/(2/18). Let g(n) = -n**3 + 8*n**2 - 9*n + 9. Calculate the remainder when g(w) is divided by 14.
13
Calculate the remainder when 49 is divided by ((-1)/4)/((-9)/108).
1
Suppose 445*v = 425*v + 280. Suppose -w = -66 - 2. What is the remainder when w is divided by v?
12
Let q = 390 + -342. What is the remainder when q is divided by 22?
4
Let v(s) = -15*s - 323. What is the remainder when 706 is divided by v(-22)?
6
Let c = -125 + 349. What is the remainder when c is divided by 43?
9
Suppose 86 = 5*c - 114. What is the remainder when (-7)/14 + (-705)/(-6) is divided by c?
37
Suppose 2*b = -3*d - 44, -d - 32 = 2*d - b. What is the remainder when (-4 - d - 3/(-1)) + 2 is divided by 8?
5
Let h(l) = -l**2 - 6*l - 6. Let o be h(-3). Suppose 5*x - 10 = o*x. What is the remainder when (-6)/x*(-275)/22 is divided by 6?
3
Let f(c) = 3*c**2 + 7*c + 8. Let x be f(-5). What is the remainder when 26 is divided by (-74)/(-12) - 8/x?
2
Suppose 3*o - 172 = -4*m, -5*m + 4*o + 0 + 184 = 0. Suppose 25 = 5*r - m. What is the remainder when 25 is divided by r?
12
Let o be ((-9)/24)/(5/(-40)). Let g(i) = -12*i. Let t be g(-1). Let h = t - o. Calculate the remainder when 31 is divided by h.
4
Let z = -139 - -197. Suppose -q + 5*d + 205 = -3*q, 4*q = -2*d - 370. What is the remainder when z is divided by (56/42)/((-4)/q)?
28
Suppose 5*w = 3*s + 10, w + 3*s = 2*s + 2. Suppose -5*x - 4*f + 172 = 0, -74 = -w*x + 2*f - f. What is the remainder when 141 is divided by x?
33
Suppose 2*k = -2*l - 2*k + 348, -2*k = -5*l + 906. Suppose s - 4*g = -0*s + 36, g = 5*s - l. What is the remainder when 176 is divided by s?
32
Let q(k) = -k**2 - 32*k - 12. What is the remainder when 132 is divided by q(-31)?
18
Suppose h + 4*h - 25 = 0. Suppose h*d - 31 - 24 = 0. What is the remainder when 51 is divided by d?
7
Let l be (0 - 1)/(1/(-3)). Suppose -v + 39 = -0*s + l*s, -5*v - 2*s = -260. What is the remainder when v is divided by 20?
14
Let t(a) = -a**3 - 4*a**2 - 16*a - 16. Let r be t(-12). Let f = 177 - 82. Calculate the remainder when f is divided by r/56 + (-4)/(-14).
23
Let q = 15 - 250. Suppose -3*r - 3*m = 290 - 1346, 2*m = -5*r + 1775. Let l = r + q. Calculate the remainder when l is divided by 31.
29
Suppose v - 87 = -5*z, 405 = 5*v - 14*z + 9*z. Calculate the remainder when 325 is divided by v.
79
Suppose 15 = -3*v, 3*y - v - 61 = 4*v. Calculate the remainder when 23 is divided by y.
11
Let q(v) = -v**3 + 23*v**2 - 19*v - 53. What is the remainder when 101 is divided by q(22)?
10
Suppose 3*p - 8 = s - 0, -5 = -5*s. Suppose 0*v = -3*v - 9. Let o(q) = -2*q - 1. What is the remainder when o(v) is divided by p?
2
Suppose q - 4*t = -0*t + 56, t + 135 = 3*q. Calculate the remainder when 170 is divided by q.
38
What is the remainder when ((-8)/2)/((-2)/25) is divided by (-4296)/(-168) - 9/(-21)?
24
Suppose 144 = 2*a - 2*h, -84 = -0*a - a - 2*h. Calculate the remainder when a is divided by 40.
36
Let s(c) = c - 23. Let w(h) = h - 23. Let o(i) = -3*s(i) + 2*w(i). Let b(a) = a**3 - 1. Let f be b(1). What is the remainder when o(f) is divided by 12?
11
Suppose n - 4*b + 18 = -0*n, -4*n - 2 = -2*b. What is the remainder when (-1 - -20)/(2/4) is divided by (1 + 12)*2/(n - 0)?
12
Suppose -2*d - 3*o + 8 = -7*o, 5*d - 42 = -o. What is the remainder when 1381 is divided by d?
5
Let a(h) = 9*h**2 - 367*h + 729. Suppose -5*q + 44 = 4. Calculate the remainder when a(2) is divided by q.
7
Let y = 29 - -22. Calculate the remainder when y is divided by 395/45 - 68/(-306).
6
Suppose 0 = 4*s + s. Suppose 